alculate the remainder when 10361 is divided by 10.
1
Calculate the remainder when 4748 is divided by 279.
5
What is the remainder when 321157 is divided by 80284?
21
Calculate the remainder when 16994 is divided by 89.
84
Calculate the remainder when 4545 is divided by 746.
69
Calculate the remainder when 429102 is divided by 57.
6
What is the remainder when 218297 is divided by 5?
2
Calculate the remainder when 3924 is divided by 3843.
81
Calculate the remainder when 3561 is divided by 464.
313
What is the remainder when 28403 is divided by 516?
23
Calculate the remainder when 942 is divided by 71.
19
What is the remainder when 21008 is divided by 266?
260
What is the remainder when 169295 is divided by 85?
60
What is the remainder when 9490 is divided by 11?
8
Calculate the remainder when 4652 is divided by 580.
12
What is the remainder when 2169 is divided by 241?
0
What is the remainder when 4072 is divided by 371?
362
Calculate the remainder when 1578 is divided by 788.
2
Calculate the remainder when 180 is divided by 27.
18
Calculate the remainder when 124682 is divided by 104.
90
Calculate the remainder when 625861 is divided by 58.
41
What is the remainder when 89737 is divided by 20?
17
What is the remainder when 747819 is divided by 176?
171
What is the remainder when 312085 is divided by 67?
66
What is the remainder when 17832 is divided by 162?
12
Calculate the remainder when 662 is divided by 80.
22
What is the remainder when 608 is divided by 287?
34
Calculate the remainder when 905 is divided by 888.
17
Calculate the remainder when 526792 is divided by 175592.
16
What is the remainder when 4862 is divided by 9?
2
Calculate the remainder when 9097 is divided by 642.
109
What is the remainder when 48605 is divided by 565?
15
What is the remainder when 4499 is divided by 141?
128
Calculate the remainder when 25185 is divided by 112.
97
What is the remainder when 155975 is divided by 97?
96
Calculate the remainder when 6050 is divided by 1989.
83
Calculate the remainder when 1209 is divided by 709.
500
Calculate the remainder when 59297 is divided by 45.
32
Calculate the remainder when 2747 is divided by 54.
47
What is the remainder when 4509 is divided by 8?
5
What is the remainder when 2472 is divided by 15?
12
What is the remainder when 53190 is divided by 626?
606
Calculate the remainder when 536581 is divided by 268289.
3
What is the remainder when 243 is divided by 46?
13
Calculate the remainder when 1313 is divided by 24.
17
What is the remainder when 19162 is divided by 917?
822
What is the remainder when 1856 is divided by 618?
2
What is the remainder when 4572 is divided by 199?
194
Calculate the remainder when 150728 is divided by 477.
473
Calculate the remainder when 414774 is divided by 374.
8
What is the remainder when 1282169 is divided by 509?
507
Calculate the remainder when 1172 is divided by 72.
20
What is the remainder when 51833 is divided by 536?
377
Calculate the remainder when 1666 is divided by 189.
154
Calculate the remainder when 8000 is divided by 422.
404
What is the remainder when 1246959 is divided by 65?
64
What is the remainder when 15042 is divided by 1002?
12
What is the remainder when 33324 is divided by 171?
150
What is the remainder when 42519 is divided by 74?
43
Calculate the remainder when 975427 is divided by 115.
112
What is the remainder when 1116 is divided by 184?
12
Calculate the remainder when 61654 is divided by 295.
294
Calculate the remainder when 36347 is divided by 18167.
13
What is the remainder when 3330399 is divided by 368?
367
Calculate the remainder when 4924 is divided by 441.
73
Calculate the remainder when 234168 is divided by 1394.
1370
What is the remainder when 3041622 is divided by 41?
37
What is the remainder when 63023 is divided by 21000?
23
What is the remainder when 310 is divided by 273?
37
Calculate the remainder when 6681 is divided by 60.
21
Calculate the remainder when 77244 is divided by 30.
24
What is the remainder when 250394 is divided by 59?
57
Calculate the remainder when 51083 is divided by 36.
35
What is the remainder when 1293 is divided by 644?
5
What is the remainder when 403876 is divided by 548?
0
Calculate the remainder when 199636 is divided by 381.
373
Calculate the remainder when 1129 is divided by 203.
114
What is the remainder when 2698124 is divided by 18?
14
Calculate the remainder when 2970 is divided by 32.
26
Calculate the remainder when 107179 is divided by 696.
691
What is the remainder when 22418 is divided by 89?
79
What is the remainder when 126 is divided by 25?
1
Calculate the remainder when 30799 is divided by 44.
43
What is the remainder when 8495 is divided by 194?
153
What is the remainder when 5531 is divided by 290?
21
What is the remainder when 808 is divided by 319?
170
What is the remainder when 6601 is divided by 61?
13
Calculate the remainder when 8222 is divided by 1009.
150
What is the remainder when 2473 is divided by 2443?
30
Calculate the remainder when 156595 is divided by 185.
85
What is the remainder when 129349 is divided by 398?
397
What is the remainder when 546 is divided by 42?
0
What is the remainder when 55030 is divided by 35?
10
What is the remainder when 41854 is divided by 19?
16
Calculate the remainder when 6386 is divided by 23.
15
Calculate the remainder when 114397 is divided by 38113.
58
Calculate the remainder when 118092 is divided by 118062.
30
What is the remainder when 4523 is divided by 279?
59
Calculate the remainder when 211777 is divided by 175.
27
Calculate the remainder when 72945 is divided by 708.
21
Calculate the remainder when 113100 is divided by 531.
528
What is the remainder when 7946 is divided by 7268?
678
Calculate the remainder when 361646 is divided by 33.
32
Calculate the remainder when 244909 is divided by 96.
13
Calculate the remainder when 76835 is divided by 83.
60
Calculate the remainder when 4128 is divided by 519.
495
What is the remainder when 6054 is divided by 95?
69
What is the remainder when 101784 is divided by 20344?
64
Calculate the remainder when 1437 is divided by 458.
63
Calculate the remainder when 268917 is divided by 15.
12
What is the remainder when 16464 is divided by 967?
25
What is the remainder when 552615 is divided by 29085?
0
What is the remainder when 105358 is divided by 35114?
16
What is the remainder when 8058 is divided by 25?
8
Calculate the remainder when 717 is divided by 276.
165
Calculate the remainder when 5128 is divided by 730.
18
What is the remainder when 17309 is divided by 17304?
5
What is the remainder when 1052 is divided by 292?
176
What is the remainder when 13325 is divided by 2190?
185
What is the remainder when 4031 is divided by 701?
526
What is the remainder when 1337 is divided by 66?
17
What is the remainder when 10192 is divided by 677?
37
What is the remainder when 255280 is divided by 39?
25
Calculate the remainder when 89828 is divided by 401.
4
What is the remainder when 1520 is divided by 197?
141
What is the remainder when 5014 is divided by 749?
520
Calculate the remainder when 307556 is divided by 60.
56
Calculate the remainder when 2232 is divided by 89.
7
Calculate the remainder when 3689 is divided by 1826.
37
What is the remainder when 19029 is divided by 49?
17
What is the remainder when 77248 is divided by 25748?
4
What is the remainder when 1736939 is divided by 591?
581
Calculate the remainder when 1387 is divided by 447.
46
Calculate the remainder when 11347 is divided by 104.
11
What is the remainder when 3484 is divided by 57?
7
Calculate the remainder when 143636 is divided by 570.
566
What is the remainder when 10653 is divided by 159?
0
Calculate the remainder when 314540 is divided by 70.
30
Calculate the remainder when 74937 is divided by 5.
2
What is the remainder when 29057 is divided by 29030?
27
What is the remainder when 792 is divided by 20?
12
Calculate the remainder when 1280 is divided by 218.
190
Calculate the remainder when 34717 is divided by 160.
157
What is the remainder when 45693 is divided by 1389?
1245
What is the remainder when 925 is divided by 230?
5
What is the remainder when 5281 is divided by 255?
181
Calculate the remainder when 62145 is divided by 23.
22
Cal